{"id":13,"date":"2020-05-20T14:33:51","date_gmt":"2020-05-20T12:33:51","guid":{"rendered":"https:\/\/varumnet.fr\/?page_id=13"},"modified":"2022-02-08T15:36:56","modified_gmt":"2022-02-08T14:36:56","slug":"a-propos","status":"publish","type":"page","link":"https:\/\/varumnet.fr\/index.php\/a-propos\/","title":{"rendered":"A propos"},"content":{"rendered":"\n[et_pb_section fb_built=\u00a0\u00bb1&Prime; _builder_version=\u00a0\u00bb4.6.6&Prime; _module_preset=\u00a0\u00bbdefault\u00a0\u00bb hover_enabled=\u00a0\u00bb0&Prime; global_colors_info=\u00a0\u00bb{}\u00a0\u00bb theme_builder_area=\u00a0\u00bbpost_content\u00a0\u00bb sticky_enabled=\u00a0\u00bb0&Prime;][et_pb_row column_structure=\u00a0\u00bb1_4,1_2,1_4&Prime; _builder_version=\u00a0\u00bb4.6.6&Prime; _module_preset=\u00a0\u00bbdefault\u00a0\u00bb custom_margin=\u00a0\u00bb||||false|false\u00a0\u00bb custom_padding=\u00a0\u00bb||0px|||\u00a0\u00bb global_colors_info=\u00a0\u00bb{}\u00a0\u00bb theme_builder_area=\u00a0\u00bbpost_content\u00a0\u00bb][et_pb_column type=\u00a0\u00bb1_4&Prime; _builder_version=\u00a0\u00bb4.6.6&Prime; _module_preset=\u00a0\u00bbdefault\u00a0\u00bb global_colors_info=\u00a0\u00bb{}\u00a0\u00bb theme_builder_area=\u00a0\u00bbpost_content\u00a0\u00bb][\/et_pb_column][et_pb_column type=\u00a0\u00bb1_2&Prime; _builder_version=\u00a0\u00bb4.6.6&Prime; _module_preset=\u00a0\u00bbdefault\u00a0\u00bb global_colors_info=\u00a0\u00bb{}\u00a0\u00bb theme_builder_area=\u00a0\u00bbpost_content\u00a0\u00bb][et_pb_text _builder_version=\u00a0\u00bb4.14.7&Prime; _module_preset=\u00a0\u00bbdefault\u00a0\u00bb header_2_text_color=\u00a0\u00bb#168EBB\u00a0\u00bb header_3_font=\u00a0\u00bb|600|||||||\u00a0\u00bb header_3_text_align=\u00a0\u00bbcenter\u00a0\u00bb header_3_font_size=\u00a0\u00bb36px\u00a0\u00bb text_orientation=\u00a0\u00bbcenter\u00a0\u00bb hover_enabled=\u00a0\u00bb0&Prime; global_colors_info=\u00a0\u00bb{}\u00a0\u00bb theme_builder_area=\u00a0\u00bbpost_content\u00a0\u00bb sticky_enabled=\u00a0\u00bb0&Prime;]<h3 style=\"text-align: center;\">A propos<\/h3>\n<p style=\"text-align: center;\">[\/et_pb_text][\/et_pb_column][et_pb_column type=\u00a0\u00bb1_4&Prime; _builder_version=\u00a0\u00bb4.6.6&Prime; _module_preset=\u00a0\u00bbdefault\u00a0\u00bb global_colors_info=\u00a0\u00bb{}\u00a0\u00bb theme_builder_area=\u00a0\u00bbpost_content\u00a0\u00bb][\/et_pb_column][\/et_pb_row][et_pb_row _builder_version=\u00a0\u00bb3.25&Prime; background_size=\u00a0\u00bbinitial\u00a0\u00bb background_position=\u00a0\u00bbtop_left\u00a0\u00bb background_repeat=\u00a0\u00bbrepeat\u00a0\u00bb global_colors_info=\u00a0\u00bb{}\u00a0\u00bb theme_builder_area=\u00a0\u00bbpost_content\u00a0\u00bb][et_pb_column type=\u00a0\u00bb4_4&Prime; _builder_version=\u00a0\u00bb3.25&Prime; custom_padding=\u00a0\u00bb|||\u00a0\u00bb global_colors_info=\u00a0\u00bb{}\u00a0\u00bb custom_padding__hover=\u00a0\u00bb|||\u00a0\u00bb theme_builder_area=\u00a0\u00bbpost_content\u00a0\u00bb][et_pb_text _builder_version=\u00a0\u00bb3.27.4&Prime; background_size=\u00a0\u00bbinitial\u00a0\u00bb background_position=\u00a0\u00bbtop_left\u00a0\u00bb background_repeat=\u00a0\u00bbrepeat\u00a0\u00bb hover_enabled=\u00a0\u00bb0&Prime; global_colors_info=\u00a0\u00bb{}\u00a0\u00bb theme_builder_area=\u00a0\u00bbpost_content\u00a0\u00bb sticky_enabled=\u00a0\u00bb0&Prime;]<!-- divi:paragraph -->\n<p>Varumnet est une soci\u00e9t\u00e9 de <a href=\"http:\/\/accueil\">nettoyage de vitres<\/a> alsacienne bas\u00e9e pr\u00e8s de Strasbourg. <br><a href=\"http:\/\/contact\">Contactez Andr\u00e9<\/a> pour plus de renseignements.<\/p>\n<!-- \/divi:paragraph -->[\/et_pb_text][\/et_pb_column][\/et_pb_row][\/et_pb_section]\n","protected":false},"excerpt":{"rendered":"<p>A propos Varumnet est une soci\u00e9t\u00e9 de nettoyage de vitres alsacienne bas\u00e9e pr\u00e8s de Strasbourg. Contactez Andr\u00e9 pour plus de renseignements.<\/p>\n","protected":false},"author":1,"featured_media":0,"parent":0,"menu_order":2,"comment_status":"closed","ping_status":"closed","template":"","meta":{"_et_pb_use_builder":"on","_et_pb_old_content":"<!-- wp:paragraph -->\n<p>Varumnet est une soci\u00e9t\u00e9 de <a href=\"http:\/\/accueil\">nettoyage de vitres<\/a> alsacienne bas\u00e9e pr\u00e8s de Strasbourg. <br><a href=\"http:\/\/contact\">Contactez Andr\u00e9<\/a> pour plus de renseignements.<\/p>\n<!-- \/wp:paragraph -->","_et_gb_content_width":""},"yoast_head":"<!-- This site is optimized with the Yoast SEO plugin v19.13 - https:\/\/yoast.com\/wordpress\/plugins\/seo\/ -->\n<title>A propos de VARUMNET - Andr\u00e9 Boos<\/title>\n<meta name=\"description\" content=\"A propos de la soci\u00e9t\u00e9 Varumnet, cr\u00e9\u00e9e par Andr\u00e9 Boos. Varumnet est une soci\u00e9t\u00e9 de nettoyage de vitres alsacienne bas\u00e9e pr\u00e8s de Strasbourg.\" \/>\n<meta name=\"robots\" content=\"index, follow, max-snippet:-1, max-image-preview:large, max-video-preview:-1\" \/>\n<link rel=\"canonical\" href=\"https:\/\/varumnet.fr\/index.php\/a-propos\/\" \/>\n<meta property=\"og:locale\" content=\"fr_FR\" \/>\n<meta property=\"og:type\" content=\"article\" \/>\n<meta property=\"og:title\" content=\"A propos de VARUMNET - Andr\u00e9 Boos\" \/>\n<meta property=\"og:description\" content=\"A propos de la soci\u00e9t\u00e9 Varumnet, cr\u00e9\u00e9e par Andr\u00e9 Boos. Varumnet est une soci\u00e9t\u00e9 de nettoyage de vitres alsacienne bas\u00e9e pr\u00e8s de Strasbourg.\" \/>\n<meta property=\"og:url\" content=\"https:\/\/varumnet.fr\/index.php\/a-propos\/\" \/>\n<meta property=\"og:site_name\" content=\"Varumnet\" \/>\n<meta property=\"article:modified_time\" content=\"2022-02-08T14:36:56+00:00\" \/>\n<meta name=\"twitter:card\" content=\"summary_large_image\" \/>\n<meta name=\"twitter:label1\" content=\"Dur\u00e9e de lecture estim\u00e9e\" \/>\n\t<meta name=\"twitter:data1\" content=\"1 minute\" \/>\n<script type=\"application\/ld+json\" class=\"yoast-schema-graph\">{\"@context\":\"https:\/\/schema.org\",\"@graph\":[{\"@type\":\"WebPage\",\"@id\":\"https:\/\/varumnet.fr\/index.php\/a-propos\/\",\"url\":\"https:\/\/varumnet.fr\/index.php\/a-propos\/\",\"name\":\"A propos de VARUMNET - Andr\u00e9 Boos\",\"isPartOf\":{\"@id\":\"https:\/\/varumnet.fr\/#website\"},\"datePublished\":\"2020-05-20T12:33:51+00:00\",\"dateModified\":\"2022-02-08T14:36:56+00:00\",\"description\":\"A propos de la soci\u00e9t\u00e9 Varumnet, cr\u00e9\u00e9e par Andr\u00e9 Boos. Varumnet est une soci\u00e9t\u00e9 de nettoyage de vitres alsacienne bas\u00e9e pr\u00e8s de Strasbourg.\",\"breadcrumb\":{\"@id\":\"https:\/\/varumnet.fr\/index.php\/a-propos\/#breadcrumb\"},\"inLanguage\":\"fr-FR\",\"potentialAction\":[{\"@type\":\"ReadAction\",\"target\":[\"https:\/\/varumnet.fr\/index.php\/a-propos\/\"]}]},{\"@type\":\"BreadcrumbList\",\"@id\":\"https:\/\/varumnet.fr\/index.php\/a-propos\/#breadcrumb\",\"itemListElement\":[{\"@type\":\"ListItem\",\"position\":1,\"name\":\"Accueil\",\"item\":\"https:\/\/varumnet.fr\/\"},{\"@type\":\"ListItem\",\"position\":2,\"name\":\"A propos\"}]},{\"@type\":\"WebSite\",\"@id\":\"https:\/\/varumnet.fr\/#website\",\"url\":\"https:\/\/varumnet.fr\/\",\"name\":\"Varumnet\",\"description\":\"\",\"potentialAction\":[{\"@type\":\"SearchAction\",\"target\":{\"@type\":\"EntryPoint\",\"urlTemplate\":\"https:\/\/varumnet.fr\/?s={search_term_string}\"},\"query-input\":\"required name=search_term_string\"}],\"inLanguage\":\"fr-FR\"}]}<\/script>\n<!-- \/ Yoast SEO plugin. -->","yoast_head_json":{"title":"A propos de VARUMNET - Andr\u00e9 Boos","description":"A propos de la soci\u00e9t\u00e9 Varumnet, cr\u00e9\u00e9e par Andr\u00e9 Boos. Varumnet est une soci\u00e9t\u00e9 de nettoyage de vitres alsacienne bas\u00e9e pr\u00e8s de Strasbourg.","robots":{"index":"index","follow":"follow","max-snippet":"max-snippet:-1","max-image-preview":"max-image-preview:large","max-video-preview":"max-video-preview:-1"},"canonical":"https:\/\/varumnet.fr\/index.php\/a-propos\/","og_locale":"fr_FR","og_type":"article","og_title":"A propos de VARUMNET - Andr\u00e9 Boos","og_description":"A propos de la soci\u00e9t\u00e9 Varumnet, cr\u00e9\u00e9e par Andr\u00e9 Boos. Varumnet est une soci\u00e9t\u00e9 de nettoyage de vitres alsacienne bas\u00e9e pr\u00e8s de Strasbourg.","og_url":"https:\/\/varumnet.fr\/index.php\/a-propos\/","og_site_name":"Varumnet","article_modified_time":"2022-02-08T14:36:56+00:00","twitter_card":"summary_large_image","twitter_misc":{"Dur\u00e9e de lecture estim\u00e9e":"1 minute"},"schema":{"@context":"https:\/\/schema.org","@graph":[{"@type":"WebPage","@id":"https:\/\/varumnet.fr\/index.php\/a-propos\/","url":"https:\/\/varumnet.fr\/index.php\/a-propos\/","name":"A propos de VARUMNET - Andr\u00e9 Boos","isPartOf":{"@id":"https:\/\/varumnet.fr\/#website"},"datePublished":"2020-05-20T12:33:51+00:00","dateModified":"2022-02-08T14:36:56+00:00","description":"A propos de la soci\u00e9t\u00e9 Varumnet, cr\u00e9\u00e9e par Andr\u00e9 Boos. Varumnet est une soci\u00e9t\u00e9 de nettoyage de vitres alsacienne bas\u00e9e pr\u00e8s de Strasbourg.","breadcrumb":{"@id":"https:\/\/varumnet.fr\/index.php\/a-propos\/#breadcrumb"},"inLanguage":"fr-FR","potentialAction":[{"@type":"ReadAction","target":["https:\/\/varumnet.fr\/index.php\/a-propos\/"]}]},{"@type":"BreadcrumbList","@id":"https:\/\/varumnet.fr\/index.php\/a-propos\/#breadcrumb","itemListElement":[{"@type":"ListItem","position":1,"name":"Accueil","item":"https:\/\/varumnet.fr\/"},{"@type":"ListItem","position":2,"name":"A propos"}]},{"@type":"WebSite","@id":"https:\/\/varumnet.fr\/#website","url":"https:\/\/varumnet.fr\/","name":"Varumnet","description":"","potentialAction":[{"@type":"SearchAction","target":{"@type":"EntryPoint","urlTemplate":"https:\/\/varumnet.fr\/?s={search_term_string}"},"query-input":"required name=search_term_string"}],"inLanguage":"fr-FR"}]}},"_links":{"self":[{"href":"https:\/\/varumnet.fr\/index.php\/wp-json\/wp\/v2\/pages\/13"}],"collection":[{"href":"https:\/\/varumnet.fr\/index.php\/wp-json\/wp\/v2\/pages"}],"about":[{"href":"https:\/\/varumnet.fr\/index.php\/wp-json\/wp\/v2\/types\/page"}],"author":[{"embeddable":true,"href":"https:\/\/varumnet.fr\/index.php\/wp-json\/wp\/v2\/users\/1"}],"replies":[{"embeddable":true,"href":"https:\/\/varumnet.fr\/index.php\/wp-json\/wp\/v2\/comments?post=13"}],"version-history":[{"count":9,"href":"https:\/\/varumnet.fr\/index.php\/wp-json\/wp\/v2\/pages\/13\/revisions"}],"predecessor-version":[{"id":128,"href":"https:\/\/varumnet.fr\/index.php\/wp-json\/wp\/v2\/pages\/13\/revisions\/128"}],"wp:attachment":[{"href":"https:\/\/varumnet.fr\/index.php\/wp-json\/wp\/v2\/media?parent=13"}],"curies":[{"name":"wp","href":"https:\/\/api.w.org\/{rel}","templated":true}]}}